{"id":48,"date":"2024-08-15T16:41:04","date_gmt":"2024-08-15T16:41:04","guid":{"rendered":"https:\/\/kapala-maki.fi\/?page_id=48"},"modified":"2025-05-07T16:22:59","modified_gmt":"2025-05-07T16:22:59","slug":"hinnasto","status":"publish","type":"page","link":"https:\/\/kapala-maki.fi\/?page_id=48","title":{"rendered":"Hinnasto"},"content":{"rendered":"\n<h2 class=\"wp-block-heading has-text-align-center\">Mit\u00e4 vierailu koiramets\u00e4ss\u00e4 maksaa?<\/h2>\n\n\n\n<hr class=\"wp-block-separator has-alpha-channel-opacity is-style-wide\"\/>\n\n\n\n<div class=\"wp-block-columns is-layout-flex wp-container-core-columns-is-layout-28f84493 wp-block-columns-is-layout-flex\">\n<div class=\"wp-block-column is-layout-flow wp-block-column-is-layout-flow\">\n<h2 class=\"wp-block-heading has-text-align-center\">Hinnasto <\/h2>\n<\/div>\n<\/div>\n\n\n\n<div class=\"wp-block-group is-layout-grid wp-container-core-group-is-layout-478b6e6b wp-block-group-is-layout-grid\">\n<h2 class=\"wp-block-heading has-text-align-center wp-container-content-516f2167\">0,5H 15\u20ac<\/h2>\n\n\n\n<h2 class=\"wp-block-heading has-text-align-center wp-container-content-516f2167\">1H                                   25\u20ac<\/h2>\n<\/div>\n\n\n\n<div class=\"wp-block-group is-layout-grid wp-container-core-group-is-layout-478b6e6b wp-block-group-is-layout-grid\">\n<h2 class=\"wp-block-heading has-text-align-center wp-container-content-516f2167\">2H                                   50\u20ac<\/h2>\n<\/div>\n\n\n\n<div class=\"wp-block-group is-layout-grid wp-container-core-group-is-layout-478b6e6b wp-block-group-is-layout-grid\">\n<div class=\"wp-block-group wp-container-content-516f2167 is-layout-grid wp-container-core-group-is-layout-478b6e6b wp-block-group-is-layout-grid\">\n<h2 class=\"wp-block-heading has-text-align-center wp-container-content-516f2167\">3H                                   70\u20ac<\/h2>\n<\/div>\n<\/div>\n\n\n\n<hr class=\"wp-block-separator has-alpha-channel-opacity is-style-wide\"\/>\n\n\n\n<h3 class=\"wp-block-heading has-text-align-center\"><br><strong>Vuokraan sis\u00e4ltyy 1-3 koiraa, seuraavat lis\u00e4maksulla 4\u20ac\/koira.<\/strong><\/h3>\n\n\n\n<h3 class=\"wp-block-heading has-text-align-center\">30min vuoroja voit varata maanantaista torstaihin.<\/h3>\n\n\n\n<h3 class=\"wp-block-heading has-text-align-center\"><br>Esimerkki 1: 1h varaus ja 7 koiraa 25\u20ac+16\u20ac=41\u20ac <br> Esimerkki 2: 2h varaus ja 7 koiraa 50\u20ac+16\u20ac=66\u20ac<\/h3>\n\n\n\n<div style=\"height:16px\" aria-hidden=\"true\" class=\"wp-block-spacer\"><\/div>\n\n\n\n<hr class=\"wp-block-separator alignwide has-alpha-channel-opacity is-style-wide\"\/>\n\n\n\n<h3 class=\"wp-block-heading has-text-align-center\"><br>Klo 23.00-05.00 v\u00e4lisen\u00e4 aikana tuntiveloitus 15\u20ac\/h sis\u00e4lt\u00e4en 3 koiraa. ( 3 -> lis\u00e4maksu 4\u20ac per koira.)<br>Koiramets\u00e4ss\u00e4 y\u00f6pyminen sek\u00e4 hinnoittelu sovitaan erikseen, koirayst\u00e4v\u00e4lliseen hintaan.<\/h3>\n\n\n\n<h3 class=\"wp-block-heading has-text-align-center\"><br>Yhdistykset sek\u00e4 yritykset,<br>Olethan suoraan meihin yhteydess\u00e4 puhelimitse\/ s\u00e4hk\u00f6postilla.<\/h3>\n\n\n\n<h1 class=\"wp-block-heading has-text-align-center\"><a href=\"https:\/\/evaraus.fi\/kapala-maki\/kalenteri\/\" data-type=\"link\" data-id=\"https:\/\/evaraus.fi\/kapala-maki\/kalenteri\/\">Varaa aikasi t\u00e4st\u00e4!<\/a><\/h1>\n\n\n\n<figure class=\"wp-block-image aligncenter size-full is-resized\"><img loading=\"lazy\" decoding=\"async\" width=\"1200\" height=\"392\" src=\"https:\/\/kapala-maki.fi\/wp-content\/uploads\/2024\/08\/tupla-tassut.png\" alt=\"\" class=\"wp-image-133\" style=\"width:677px;height:auto\" srcset=\"https:\/\/kapala-maki.fi\/wp-content\/uploads\/2024\/08\/tupla-tassut.png 1200w, https:\/\/kapala-maki.fi\/wp-content\/uploads\/2024\/08\/tupla-tassut-300x98.png 300w, https:\/\/kapala-maki.fi\/wp-content\/uploads\/2024\/08\/tupla-tassut-1024x335.png 1024w, https:\/\/kapala-maki.fi\/wp-content\/uploads\/2024\/08\/tupla-tassut-768x251.png 768w\" sizes=\"auto, (max-width: 1200px) 100vw, 1200px\" \/><\/figure>\n\n\n\n<details class=\"wp-block-details is-layout-flow wp-block-details-is-layout-flow\"><summary>Varauksen peruutus <\/summary>\n<p>Varatun vuoron voit perua 24h ennen vuoron alkua. Vuoron<br>peruminen tehd\u00e4\u00e4n ottamalla aina yhteytt\u00e4 K\u00c4P\u00c4L\u00c4M\u00c4KEEN puhelimitse 0400 768635<\/p>\n\n\n\n<p><\/p>\n<\/details>\n\n\n\n<figure class=\"wp-block-image aligncenter size-large\"><img loading=\"lazy\" decoding=\"async\" width=\"1024\" height=\"50\" src=\"https:\/\/kapala-maki.fi\/wp-content\/uploads\/2024\/08\/row-1024x50.png\" alt=\"\" class=\"wp-image-193\" srcset=\"https:\/\/kapala-maki.fi\/wp-content\/uploads\/2024\/08\/row-1024x50.png 1024w, https:\/\/kapala-maki.fi\/wp-content\/uploads\/2024\/08\/row-300x15.png 300w, https:\/\/kapala-maki.fi\/wp-content\/uploads\/2024\/08\/row-768x38.png 768w, https:\/\/kapala-maki.fi\/wp-content\/uploads\/2024\/08\/row.png 1322w\" sizes=\"auto, (max-width: 1024px) 100vw, 1024px\" \/><\/figure>\n","protected":false},"excerpt":{"rendered":"<p>Mit\u00e4 vierailu koiramets\u00e4ss\u00e4 maksaa? Hinnasto 0,5H 15\u20ac 1H 25\u20ac 2H 50\u20ac 3H 70\u20ac Vuokraan sis\u00e4ltyy 1-3 koiraa, seuraavat lis\u00e4maksulla 4\u20ac\/koira. 30min vuoroja voit varata maanantaista torstaihin. Esimerkki 1: 1h varaus ja 7 koiraa 25\u20ac+16\u20ac=41\u20ac Esimerkki 2: 2h varaus ja 7 koiraa 50\u20ac+16\u20ac=66\u20ac Klo 23.00-05.00 v\u00e4lisen\u00e4 aikana tuntiveloitus 15\u20ac\/h sis\u00e4lt\u00e4en 3 koiraa. ( 3 -> lis\u00e4maksu [&hellip;]<\/p>\n","protected":false},"author":1,"featured_media":0,"parent":0,"menu_order":0,"comment_status":"closed","ping_status":"closed","template":"","meta":{"footnotes":""},"class_list":["post-48","page","type-page","status-publish","hentry"],"yoast_head":"<!-- This site is optimized with the Yoast SEO plugin v23.3 - https:\/\/yoast.com\/wordpress\/plugins\/seo\/ -->\n<title>Hinnasto - Koiramets\u00e4 K\u00e4p\u00e4l\u00e4m\u00e4ki<\/title>\n<meta name=\"description\" content=\"Mit\u00e4 vierailu koiramets\u00e4ss\u00e4 maksaa? Hinnasto 1h 25\u20ac \/ 2h 50\u20ac \/ 3h 70\u20ac \/ Vuokraan sis\u00e4ltyy 1-2 koiraa, seuraavat lis\u00e4maksulla 4\u20ac\/koira\" \/>\n<meta name=\"robots\" content=\"index, follow, max-snippet:-1, max-image-preview:large, max-video-preview:-1\" \/>\n<link rel=\"canonical\" href=\"https:\/\/kapala-maki.fi\/?page_id=48\" \/>\n<meta property=\"og:locale\" content=\"fi_FI\" \/>\n<meta property=\"og:type\" content=\"article\" \/>\n<meta property=\"og:title\" content=\"Hinnasto - Koiramets\u00e4 K\u00e4p\u00e4l\u00e4m\u00e4ki\" \/>\n<meta property=\"og:description\" content=\"Mit\u00e4 vierailu koiramets\u00e4ss\u00e4 maksaa? Hinnasto 1h 25\u20ac \/ 2h 50\u20ac \/ 3h 70\u20ac \/ Vuokraan sis\u00e4ltyy 1-2 koiraa, seuraavat lis\u00e4maksulla 4\u20ac\/koira\" \/>\n<meta property=\"og:url\" content=\"https:\/\/kapala-maki.fi\/?page_id=48\" \/>\n<meta property=\"og:site_name\" content=\"Koiramets\u00e4 K\u00e4p\u00e4l\u00e4m\u00e4ki\" \/>\n<meta property=\"article:modified_time\" content=\"2025-05-07T16:22:59+00:00\" \/>\n<meta property=\"og:image\" content=\"https:\/\/kapala-maki.fi\/wp-content\/uploads\/2024\/08\/tupla-tassut.png\" \/>\n<meta name=\"twitter:card\" content=\"summary_large_image\" \/>\n<meta name=\"twitter:label1\" content=\"Arvioitu lukuaika\" \/>\n\t<meta name=\"twitter:data1\" content=\"1 minuutti\" \/>\n<script type=\"application\/ld+json\" class=\"yoast-schema-graph\">{\"@context\":\"https:\/\/schema.org\",\"@graph\":[{\"@type\":\"WebPage\",\"@id\":\"https:\/\/kapala-maki.fi\/?page_id=48\",\"url\":\"https:\/\/kapala-maki.fi\/?page_id=48\",\"name\":\"Hinnasto - Koiramets\u00e4 K\u00e4p\u00e4l\u00e4m\u00e4ki\",\"isPartOf\":{\"@id\":\"https:\/\/kapala-maki.fi\/#website\"},\"primaryImageOfPage\":{\"@id\":\"https:\/\/kapala-maki.fi\/?page_id=48#primaryimage\"},\"image\":{\"@id\":\"https:\/\/kapala-maki.fi\/?page_id=48#primaryimage\"},\"thumbnailUrl\":\"https:\/\/kapala-maki.fi\/wp-content\/uploads\/2024\/08\/tupla-tassut.png\",\"datePublished\":\"2024-08-15T16:41:04+00:00\",\"dateModified\":\"2025-05-07T16:22:59+00:00\",\"description\":\"Mit\u00e4 vierailu koiramets\u00e4ss\u00e4 maksaa? Hinnasto 1h 25\u20ac \/ 2h 50\u20ac \/ 3h 70\u20ac \/ Vuokraan sis\u00e4ltyy 1-2 koiraa, seuraavat lis\u00e4maksulla 4\u20ac\/koira\",\"breadcrumb\":{\"@id\":\"https:\/\/kapala-maki.fi\/?page_id=48#breadcrumb\"},\"inLanguage\":\"fi\",\"potentialAction\":[{\"@type\":\"ReadAction\",\"target\":[\"https:\/\/kapala-maki.fi\/?page_id=48\"]}]},{\"@type\":\"ImageObject\",\"inLanguage\":\"fi\",\"@id\":\"https:\/\/kapala-maki.fi\/?page_id=48#primaryimage\",\"url\":\"https:\/\/kapala-maki.fi\/wp-content\/uploads\/2024\/08\/tupla-tassut.png\",\"contentUrl\":\"https:\/\/kapala-maki.fi\/wp-content\/uploads\/2024\/08\/tupla-tassut.png\",\"width\":1200,\"height\":392},{\"@type\":\"BreadcrumbList\",\"@id\":\"https:\/\/kapala-maki.fi\/?page_id=48#breadcrumb\",\"itemListElement\":[{\"@type\":\"ListItem\",\"position\":1,\"name\":\"Etusivu\",\"item\":\"https:\/\/kapala-maki.fi\/\"},{\"@type\":\"ListItem\",\"position\":2,\"name\":\"Hinnasto\"}]},{\"@type\":\"WebSite\",\"@id\":\"https:\/\/kapala-maki.fi\/#website\",\"url\":\"https:\/\/kapala-maki.fi\/\",\"name\":\"Koiramets\u00e4 K\u00e4p\u00e4l\u00e4m\u00e4ki\",\"description\":\"Akaan Koiramets\u00e4 K\u00e4p\u00e4l\u00e4m\u00e4ki nyt avattu!\",\"potentialAction\":[{\"@type\":\"SearchAction\",\"target\":{\"@type\":\"EntryPoint\",\"urlTemplate\":\"https:\/\/kapala-maki.fi\/?s={search_term_string}\"},\"query-input\":\"required name=search_term_string\"}],\"inLanguage\":\"fi\"}]}<\/script>\n<!-- \/ Yoast SEO plugin. -->","yoast_head_json":{"title":"Hinnasto - Koiramets\u00e4 K\u00e4p\u00e4l\u00e4m\u00e4ki","description":"Mit\u00e4 vierailu koiramets\u00e4ss\u00e4 maksaa? Hinnasto 1h 25\u20ac \/ 2h 50\u20ac \/ 3h 70\u20ac \/ Vuokraan sis\u00e4ltyy 1-2 koiraa, seuraavat lis\u00e4maksulla 4\u20ac\/koira","robots":{"index":"index","follow":"follow","max-snippet":"max-snippet:-1","max-image-preview":"max-image-preview:large","max-video-preview":"max-video-preview:-1"},"canonical":"https:\/\/kapala-maki.fi\/?page_id=48","og_locale":"fi_FI","og_type":"article","og_title":"Hinnasto - Koiramets\u00e4 K\u00e4p\u00e4l\u00e4m\u00e4ki","og_description":"Mit\u00e4 vierailu koiramets\u00e4ss\u00e4 maksaa? Hinnasto 1h 25\u20ac \/ 2h 50\u20ac \/ 3h 70\u20ac \/ Vuokraan sis\u00e4ltyy 1-2 koiraa, seuraavat lis\u00e4maksulla 4\u20ac\/koira","og_url":"https:\/\/kapala-maki.fi\/?page_id=48","og_site_name":"Koiramets\u00e4 K\u00e4p\u00e4l\u00e4m\u00e4ki","article_modified_time":"2025-05-07T16:22:59+00:00","og_image":[{"url":"https:\/\/kapala-maki.fi\/wp-content\/uploads\/2024\/08\/tupla-tassut.png"}],"twitter_card":"summary_large_image","twitter_misc":{"Arvioitu lukuaika":"1 minuutti"},"schema":{"@context":"https:\/\/schema.org","@graph":[{"@type":"WebPage","@id":"https:\/\/kapala-maki.fi\/?page_id=48","url":"https:\/\/kapala-maki.fi\/?page_id=48","name":"Hinnasto - Koiramets\u00e4 K\u00e4p\u00e4l\u00e4m\u00e4ki","isPartOf":{"@id":"https:\/\/kapala-maki.fi\/#website"},"primaryImageOfPage":{"@id":"https:\/\/kapala-maki.fi\/?page_id=48#primaryimage"},"image":{"@id":"https:\/\/kapala-maki.fi\/?page_id=48#primaryimage"},"thumbnailUrl":"https:\/\/kapala-maki.fi\/wp-content\/uploads\/2024\/08\/tupla-tassut.png","datePublished":"2024-08-15T16:41:04+00:00","dateModified":"2025-05-07T16:22:59+00:00","description":"Mit\u00e4 vierailu koiramets\u00e4ss\u00e4 maksaa? Hinnasto 1h 25\u20ac \/ 2h 50\u20ac \/ 3h 70\u20ac \/ Vuokraan sis\u00e4ltyy 1-2 koiraa, seuraavat lis\u00e4maksulla 4\u20ac\/koira","breadcrumb":{"@id":"https:\/\/kapala-maki.fi\/?page_id=48#breadcrumb"},"inLanguage":"fi","potentialAction":[{"@type":"ReadAction","target":["https:\/\/kapala-maki.fi\/?page_id=48"]}]},{"@type":"ImageObject","inLanguage":"fi","@id":"https:\/\/kapala-maki.fi\/?page_id=48#primaryimage","url":"https:\/\/kapala-maki.fi\/wp-content\/uploads\/2024\/08\/tupla-tassut.png","contentUrl":"https:\/\/kapala-maki.fi\/wp-content\/uploads\/2024\/08\/tupla-tassut.png","width":1200,"height":392},{"@type":"BreadcrumbList","@id":"https:\/\/kapala-maki.fi\/?page_id=48#breadcrumb","itemListElement":[{"@type":"ListItem","position":1,"name":"Etusivu","item":"https:\/\/kapala-maki.fi\/"},{"@type":"ListItem","position":2,"name":"Hinnasto"}]},{"@type":"WebSite","@id":"https:\/\/kapala-maki.fi\/#website","url":"https:\/\/kapala-maki.fi\/","name":"Koiramets\u00e4 K\u00e4p\u00e4l\u00e4m\u00e4ki","description":"Akaan Koiramets\u00e4 K\u00e4p\u00e4l\u00e4m\u00e4ki nyt avattu!","potentialAction":[{"@type":"SearchAction","target":{"@type":"EntryPoint","urlTemplate":"https:\/\/kapala-maki.fi\/?s={search_term_string}"},"query-input":"required name=search_term_string"}],"inLanguage":"fi"}]}},"_links":{"self":[{"href":"https:\/\/kapala-maki.fi\/index.php?rest_route=\/wp\/v2\/pages\/48","targetHints":{"allow":["GET"]}}],"collection":[{"href":"https:\/\/kapala-maki.fi\/index.php?rest_route=\/wp\/v2\/pages"}],"about":[{"href":"https:\/\/kapala-maki.fi\/index.php?rest_route=\/wp\/v2\/types\/page"}],"author":[{"embeddable":true,"href":"https:\/\/kapala-maki.fi\/index.php?rest_route=\/wp\/v2\/users\/1"}],"replies":[{"embeddable":true,"href":"https:\/\/kapala-maki.fi\/index.php?rest_route=%2Fwp%2Fv2%2Fcomments&post=48"}],"version-history":[{"count":10,"href":"https:\/\/kapala-maki.fi\/index.php?rest_route=\/wp\/v2\/pages\/48\/revisions"}],"predecessor-version":[{"id":281,"href":"https:\/\/kapala-maki.fi\/index.php?rest_route=\/wp\/v2\/pages\/48\/revisions\/281"}],"wp:attachment":[{"href":"https:\/\/kapala-maki.fi\/index.php?rest_route=%2Fwp%2Fv2%2Fmedia&parent=48"}],"curies":[{"name":"wp","href":"https:\/\/api.w.org\/{rel}","templated":true}]}}